01101111
Convert 141434310 (base 5) to base 3.
1101021110021
What is -20895 (base 13) in base 14?
-174d6
201566525 (base 7) to base 2
101100110100001010101110
What is -4999955 (base 11) in base 4?
-201013102120
524447 (base 8) to base 11
10a013
Convert -100856 (base 11) to base 5.
-20141310
Convert 52216466 (base 7) to base 11.
252a2a9
What is 1213001331 (base 5) in base 8?
12721107
What is 11001111011110100110 (base 2) in base 5?
204143310
What is 144463 (base 7) in base 9?
42387
-1111101001101100101 (base 2) to base 11
-320365
What is -3824219 (base 10) in base 7?
-44335220
What is 9846 (base 11) in base 6?
140101
138667 (base 9) to base 10
85111
What is 209fd (base 16) in base 15?
298d9
What is -11110000110010001110 (base 2) in base 16?
-f0c8e
34030 (base 14) to base 8
366472
Convert 1233233332 (base 5) to base 16.
2e2559
What is 4672233 (base 10) in base 5?
2144002413
53040400 (base 6) to base 16
179310
What is 8b7803 (base 13) in base 9?
6181414
What is -6245d (base 14) in base 12?
-b5097
-c0742 (base 13) to base 5
-42001334
122112120121022 (base 3) to base 6
531442442
10011000111110100 (base 2) to base 6
1402340
What is 3233043 (base 5) in base 14?
16290
-359c8 (base 13) to base 10
-98353
Convert 23435450 (base 6) to base 8.
2635526
Convert -25121 (base 8) to base 12.
-6329
What is 300105432 (base 6) in base 2?
10011010000011000111100
Convert 2245405 (base 6) to base 4.
130021031
112524 (base 8) to base 12
1a158
Convert 442b0 (base 14) to base 8.
502502
What is -392756 (base 10) in base 5?
-100032011
Convert 11243041 (base 7) to base 2.
11110000100101111100
Convert -8383707 (base 9) to base 8.
-21065524
Convert 91a97b (base 13) to base 10.
3393791
-125996 (base 13) to base 14
-b6a32
What is -1011110011101010001 (base 2) in base 4?
-1132131101
Convert 10110101000010011100010 (base 2) to base 15.
7c2a8d
What is -4512599 (base 10) in base 5?
-2123400344
What is 985294 (base 11) in base 2?
110000000001011010011
Convert -332454 (base 7) to base 13.
-20856
What is -114005201 (base 8) in base 2?
-1001100000000101010000001
What is 21100120102 (base 3) in base 5?
14113013
Convert -1d20b9 (base 15) to base 14.
-291168
43f79 (base 16) to base 7
2236433
Convert -255632 (base 11) to base 2.
-1100010010100100011
-204110414 (base 5) to base 4
-3032323321
Convert -10110101100110100010 (base 2) to base 8.
-2654642
What is 1345612 (base 7) in base 6?
3503524
Convert 1252560 (base 7) to base 16.
28191
What is -103103210001 (base 4) in base 11?
-2947337
What is -121030344 (base 5) in base 14?
-1099d8
What is -3460892 (base 10) in base 2?
-1101001100111100011100
What is 3055463 (base 7) in base 16?
5993c
Convert -1443422 (base 5) to base 15.
-9342
Convert 1731840 (base 10) to base 4.
12212310000
What is 402000 (base 7) in base 14?
1aa70
Convert -142164 (base 15) to base 13.
-27c052
-110466 (base 9) to base 13
-24066
bec5 (base 15) to base 6
511152
960bb9 (base 16) to base 8
45405671
44b02c (base 14) to base 15
311d8e
Convert 525ff (base 16) to base 5.
41244112
What is -572516 (base 12) in base 7?
-14562462
What is -5460600 (base 7) in base 13?
-1a606a
Convert -12002221100 (base 3) to base 9.
-162840
What is 1866762 (base 10) in base 4?
13013300022
Convert -2835b (base 13) to base 14.
-1d613
Convert -8aac1 (base 13) to base 8.
-754621
What is 21112112121 (base 3) in base 6?
3102541
What is -3042410 (base 7) in base 10?
-363440
Convert 147576b (base 14) to base 6.
553325535
Convert 5b1a17 (base 14) to base 5.
1244211141
-137541 (base 9) to base 11
-58356
Convert 111202013 (base 4) to base 5.
10310244
-121120100020 (base 3) to base 8
-1174740
Convert -203475 (base 8) to base 7.
-400320
What is 12220040 (base 5) in base 3?
12221100110
What is 1813568 (base 9) in base 2?
11110111010100111000
Convert 472311 (base 11) to base 16.
b70a0
Convert 2111120202221 (base 3) to base 12.
5419b1
Convert -200423362 (base 7) to base 11.
-6605438
1301311111 (base 4) to base 8
1616525
Convert 133211314 (base 5) to base 7.
5525321
Convert 49903a (base 11) to base 15.
108730
Convert -3300321010 (base 5) to base 8.
-32671725
Convert 3ac72 (base 16) to base 2.
111010110001110010
5696089 (base 10) to base 16
56ea59
630559 (base 13) to base 11
13408a4
139443 (base 10) to base 12
68843
What is 403040 (base 5) in base 8?
31137
What is 1111101110111010100000 (base 2) in base 12?
146a914
What is -10000210002021 (base 3) in base 8?
-6107735
Convert 115410154 (base 6) to base 7.
24625522
Convert 43672 (base 11) to base 8.
173602
Convert -17552537 (base 9) to base 13.
-1aa363a
-3290b1 (base 12) to base 8
-3041505
What is 30733b (base 12) in base 10?
759071
Convert -141022 (base 7) to base 9.
-40644
-32212121 (base 6) to base 12
-39a041
2b98c (base 13) to base 12
3bba6
Convert -1313132 (base 6) to base 5.
-4300414
ba489 (base 16) to base 10
763017
-86941 (base 10) to base 7
-511321
Convert 102301200 (base 5) to base 6.
13125201
What is 5499c (base 14) in base 3?
101102011001
What is 229534 (base 12) in base 5?
120233243
Convert 11010111001111011100 (base 2) to base 8.
3271734
What is -214672 (base 8) in base 2?
-10001100110111010
What is -3413242 (base 5) in base 6?
-1143503
Convert 752d2 (base 14) to base 8.
1051110
bb9a (base 16) to base 5
3014101
What is 62220525 (base 7) in base 13?
1107a50
Convert 22222121200 (base 3) to base 5.
21124433
Convert 2831814 (base 11) to base 3.
100011211001001
What is -3212730 (base 8) in base 16?
-d15d8
Convert -19a47b (base 16) to base 3.
-10011101020000
Convert 11110101110111010 (base 2) to base 16.
1ebba
Convert 1555325 (base 6) to base 4.
112300211
Convert -422400 (base 6) to base 4.
-20113200
What is -1a0c45 (base 14) in base 9?
-1658027
What is 100101010001000001101100 (base 2) in base 9?
20338570
280620 (base 10) to base 7
2246064
-16c4750 (base 13) to base 14
-dab675
-3364673 (base 10) to base 3
-20022221110112
-28932 (base 13) to base 11
-52328
What is 1443173 (base 11) in base 16?
25d1bb
-3253363 (base 10) to base 12
-110a897
10111111010000010100 (base 2) to base 7
6441623
10000100111 (base 2) to base 6
4531
Convert 36005531 (base 8) to base 9.
15720721
What is -1b615 (base 12) in base 14?
-10b3b
What is -23699 (base 15) in base 2?
-11011100011100101
-43a58 (base 11) to base 8
-174526
What is -12422102 (base 6) in base 8?
-1433566
Convert 1333aa (base 16) to base 10.
1258410
Convert 242034244 (base 5) to base 7.
12404011
What is -131123321333 (base 4) in base 11?
-43a0561
What is 100110111011011011010 (base 2) in base 5?
311304420
-4133133402 (base 5) to base 9
-16868788
What is -1676001 (base 8) in base 15?
-9a4ec
-12110021212111 (base 3) to base 15
-3c400d
Convert -111205 (base 8) to base 9.
-56406
Convert 121301023 (base 4) to base 12.
510b7
3322213 (base 4) to base 5
1003124
Convert -111100100101011010100110 (base 2) to base 9.
-32785768
What is -3452310 (base 6) in base 3?
-100001022020
211d4d (base 14) to base 16
1114c1
-a3316 (base 12) to base 3
-101211011200
Convert 10304251 (base 6) to base 8.
1122147
-11101011100010011011100 (base 2) to base 6
-433231552
Convert -20414421 (base 5) to base 14.
-45d3c
-5132244 (base 6) to base 13
-8796a
Convert -1101101111010001111 (base 2) to base 10.
-450191
What is -25c426 (base 14) in base 13?
-367505
282b92a (base 12) to base 6
443554054
1963a60 (base 14) to base 2
110000000110110010100100
Convert -1100111100101000100 (base 2) to base 10.
-424260
-5026032 (base 9) to base 12
-a8ba62
22012020011 (base 3) to base 6
3242351
Convert 2ad863 (base 14) to base 6.
52031103
What is 316b31 (base 13) in base 3?
2011210211011
Convert 2412053 (base 6) to base 16.
1ece1
Convert -70713 (base 8) to base 11.
-1a983
-23101203321 (base 4) to base 13
-7c6332
Convert 10102203 (base 9) to base 12.
1757049
What is -9246aa (base 13) in base 7?
-40654622
-25037475 (base 8) to base 12
-1a23191
What is 41441361 (base 7) in base 8?
15236642
What is -1171725 (base 9) in base 13?
-194378
What is 1243665 (base 7) in base 12?
79a79
What is 86610 (base 9) in base 5?
3313412
97465 (base 14) to base 8
1312401
What is 1111011110100011110 (base 2) in base 11?
317050
-295ba0 (base 14) to base 12
-593a00
Convert 6175b5 (base 15) to base 16.
46acf3
Convert -49b74 (base 12) to base 15.
-1ea2d
1214041 (base 11) to base 4
20010002021
Conve